{"id":972,"date":"2025-01-09T02:10:52","date_gmt":"2025-01-09T01:10:52","guid":{"rendered":"https:\/\/safari-lowtech-innovation.de\/?page_id=972"},"modified":"2025-01-10T11:52:23","modified_gmt":"2025-01-10T10:52:23","slug":"start","status":"publish","type":"page","link":"https:\/\/safari-lowtech-innovation.de\/","title":{"rendered":"Startseite"},"content":{"rendered":"\n<div class=\"wp-block-stackable-posts stk-block-posts stk--has-container stk-block stk-d43d6e2 is-style-default\" data-v=\"2\" data-block-id=\"d43d6e2\"><style>.stk-d43d6e2 {--stk-columns:1 !important;}.stk-d43d6e2-container{min-height:30px !important;padding-top:57px !important;padding-right:57px !important;padding-bottom:57px !important;padding-left:57px !important;}.stk-d43d6e2 .stk-img-wrapper{width:100% !important;}.stk-d43d6e2 .stk-block-posts__title a{font-size:34px !important;}@media screen and (max-width: 1023px){.stk-d43d6e2 .stk-block-posts__title a{font-size:34px !important;}}<\/style><div class=\"stk-inner-blocks stk-content-align stk-d43d6e2-column\"><div class=\"stk-block-posts__items\"><div class=\"stk-block-posts__item\"><div class=\"stk-container stk-d43d6e2-container stk-hover-parent\"><article><h2 class=\"stk-block-posts__title\"><a href='https:\/\/safari-lowtech-innovation.de\/?p=283'>Die &#8218;Lowtech Innovation Club-2024-Safari&#8216; &#8211; eine Entdeckungsreise<\/a><\/h2><a href=\"https:\/\/safari-lowtech-innovation.de\/?p=283\" class=\"stk-block-posts__image-link\"><figure class=\"stk-img-wrapper stk-image--shape-stretch\"><img loading=\"lazy\" decoding=\"async\" width=\"1682\" height=\"919\" src=\"https:\/\/safari-lowtech-innovation.de\/wp-content\/uploads\/2024\/12\/Die-Stationen-v5-1.png\" class=\"attachment-full size-full wp-post-image\" alt=\"\" srcset=\"https:\/\/safari-lowtech-innovation.de\/wp-content\/uploads\/2024\/12\/Die-Stationen-v5-1.png 1682w, https:\/\/safari-lowtech-innovation.de\/wp-content\/uploads\/2024\/12\/Die-Stationen-v5-1-300x164.png 300w, https:\/\/safari-lowtech-innovation.de\/wp-content\/uploads\/2024\/12\/Die-Stationen-v5-1-1024x559.png 1024w, https:\/\/safari-lowtech-innovation.de\/wp-content\/uploads\/2024\/12\/Die-Stationen-v5-1-768x420.png 768w, https:\/\/safari-lowtech-innovation.de\/wp-content\/uploads\/2024\/12\/Die-Stationen-v5-1-1536x839.png 1536w\" sizes=\"auto, (max-width: 1682px) 100vw, 1682px\" \/><\/figure><\/a><div class=\"stk-block-posts__excerpt\"><p>Das Programm des Safari Lowtech Innovation Clubs &nbsp;von Juli bis Dezember 2024 sagte weniger \u00fcber den Weg aus, als \u00fcber das Ziel: Welchen Fortschritt kann Lowtech dem Standort Wittenberge, der Region oder unseren pers\u00f6nlichen Zielen bringen? Welchen Beitrag k\u00f6nnen wir davon erwarten hinsichtlich Klima, Nachhaltigkeit, soziale Entwicklung und Resilienz? Man konnte auf dem Weg zu&hellip;<\/p>\n<\/div><a class=\"stk-block-posts__readmore\" href=\"https:\/\/safari-lowtech-innovation.de\/?p=283\">Continue Reading<\/a><\/article><\/div><\/div><div class=\"stk-block-posts__item\"><div class=\"stk-container stk-d43d6e2-container stk-hover-parent\"><article><h2 class=\"stk-block-posts__title\"><a href='https:\/\/safari-lowtech-innovation.de\/?p=265'>Warum &#8218;Lowtech&#8216;?<\/a><\/h2><a href=\"https:\/\/safari-lowtech-innovation.de\/?p=265\" class=\"stk-block-posts__image-link\"><figure class=\"stk-img-wrapper stk-image--shape-stretch\"><img loading=\"lazy\" decoding=\"async\" width=\"1233\" height=\"807\" src=\"https:\/\/safari-lowtech-innovation.de\/wp-content\/uploads\/2024\/12\/lowtech-2024-1.png\" class=\"attachment-full size-full wp-post-image\" alt=\"\" srcset=\"https:\/\/safari-lowtech-innovation.de\/wp-content\/uploads\/2024\/12\/lowtech-2024-1.png 1233w, https:\/\/safari-lowtech-innovation.de\/wp-content\/uploads\/2024\/12\/lowtech-2024-1-300x196.png 300w, https:\/\/safari-lowtech-innovation.de\/wp-content\/uploads\/2024\/12\/lowtech-2024-1-1024x670.png 1024w, https:\/\/safari-lowtech-innovation.de\/wp-content\/uploads\/2024\/12\/lowtech-2024-1-768x503.png 768w\" sizes=\"auto, (max-width: 1233px) 100vw, 1233px\" \/><\/figure><\/a><div class=\"stk-block-posts__excerpt\"><p>Lowtech, oder &#8222;Low Technology,&#8220; bezeichnet Ans\u00e4tze, die bewusst auf einfache, robuste und ressourcenschonende Technologien setzen. Es ist ein Gegenentwurf zu hochkomplexen, energieintensiven und oft fragilen Hightech-Systemen. Lowtech bietet L\u00f6sungen, die nicht nur die Umwelt schonen, sondern auch soziale und wirtschaftliche Vorteile bieten.F\u00fcr mich als \u00d6konom stellt sich die entscheidende Frage: Wie bringt dieser Ansatz unter&hellip;<\/p>\n<\/div><a class=\"stk-block-posts__readmore\" href=\"https:\/\/safari-lowtech-innovation.de\/?p=265\">Continue Reading<\/a><\/article><\/div><\/div><div class=\"stk-block-posts__item\"><div class=\"stk-container stk-d43d6e2-container stk-hover-parent\"><article><h2 class=\"stk-block-posts__title\"><a href='https:\/\/safari-lowtech-innovation.de\/?p=812'>Wie geht es weiter in 2025?<\/a><\/h2><a href=\"https:\/\/safari-lowtech-innovation.de\/?p=812\" class=\"stk-block-posts__image-link\"><figure class=\"stk-img-wrapper stk-image--shape-stretch\"><img loading=\"lazy\" decoding=\"async\" width=\"637\" height=\"346\" src=\"https:\/\/safari-lowtech-innovation.de\/wp-content\/uploads\/2025\/01\/100-2.png\" class=\"attachment-full size-full wp-post-image\" alt=\"\" srcset=\"https:\/\/safari-lowtech-innovation.de\/wp-content\/uploads\/2025\/01\/100-2.png 637w, https:\/\/safari-lowtech-innovation.de\/wp-content\/uploads\/2025\/01\/100-2-300x163.png 300w\" sizes=\"auto, (max-width: 637px) 100vw, 637px\" \/><\/figure><\/a><div class=\"stk-block-posts__excerpt\"><p>Lowtech steht f\u00fcr Vereinfachung, Dezentralisierung, Nachhaltigkeit, aber auch f\u00fcr Kostenvorteile und Wirtschaftlichkeit. Aber gerade f\u00fcr Kleinbetriebe ist die Belastung durch Netzwerkkosten \u00fcberproportional hoch. Energienetze, Vertriebsnetze, Logistiknetze, Finanzierungsnetze, \u00fcberall haben Gro\u00dfabnehmer Kostenvorteile. Die Kostennachteile halten die regionale biologische Landwirtschaft &#8211; Solawis oder Tiny Farms &#8211; am Boden. Ihre Ausbreitung, ihr Wachstum ist viel zu gering, um&hellip;<\/p>\n<\/div><a class=\"stk-block-posts__readmore\" href=\"https:\/\/safari-lowtech-innovation.de\/?p=812\">Continue Reading<\/a><\/article><\/div><\/div><\/div><div class=\"stk-inner-blocks\"><\/div><\/div><\/div>\n","protected":false},"excerpt":{"rendered":"<p>Die &#8218;Lowtech Innovation Club-2024-Safari&#8216; &#8211; eine Entdeckungsreise Das Programm des Safari Lowtech Innovation Clubs &nbsp;von Juli bis Dezember 2024 sagte weniger \u00fcber den Weg aus, als \u00fcber das Ziel: Welchen Fortschritt kann Lowtech dem Standort Wittenberge, der Region oder unseren pers\u00f6nlichen Zielen bringen? Welchen Beitrag k\u00f6nnen wir davon erwarten hinsichtlich Klima, Nachhaltigkeit, soziale Entwicklung und Resilienz? Man konnte auf dem Weg zu&hellip; Continue Reading Warum &#8218;Lowtech&#8216;? Lowtech,&hellip;<\/p>\n","protected":false},"author":1,"featured_media":0,"parent":0,"menu_order":0,"comment_status":"closed","ping_status":"closed","template":"","meta":{"footnotes":""},"class_list":["post-972","page","type-page","status-publish","hentry"],"_links":{"self":[{"href":"https:\/\/safari-lowtech-innovation.de\/index.php?rest_route=\/wp\/v2\/pages\/972","targetHints":{"allow":["GET"]}}],"collection":[{"href":"https:\/\/safari-lowtech-innovation.de\/index.php?rest_route=\/wp\/v2\/pages"}],"about":[{"href":"https:\/\/safari-lowtech-innovation.de\/index.php?rest_route=\/wp\/v2\/types\/page"}],"author":[{"embeddable":true,"href":"https:\/\/safari-lowtech-innovation.de\/index.php?rest_route=\/wp\/v2\/users\/1"}],"replies":[{"embeddable":true,"href":"https:\/\/safari-lowtech-innovation.de\/index.php?rest_route=%2Fwp%2Fv2%2Fcomments&post=972"}],"version-history":[{"count":5,"href":"https:\/\/safari-lowtech-innovation.de\/index.php?rest_route=\/wp\/v2\/pages\/972\/revisions"}],"predecessor-version":[{"id":1173,"href":"https:\/\/safari-lowtech-innovation.de\/index.php?rest_route=\/wp\/v2\/pages\/972\/revisions\/1173"}],"wp:attachment":[{"href":"https:\/\/safari-lowtech-innovation.de\/index.php?rest_route=%2Fwp%2Fv2%2Fmedia&parent=972"}],"curies":[{"name":"wp","href":"https:\/\/api.w.org\/{rel}","templated":true}]}}